se 14?
7c972
What is -2c1033 (base 15) in base 4?
-20013330021
Convert -10222020120 (base 3) to base 7.
-443634
What is -3001013121 (base 4) in base 15?
-109586
Convert 20101102101 (base 3) to base 5.
13010240
Convert 3132044332 (base 5) to base 7.
106260002
What is 2291834 (base 10) in base 4?
20233201322
What is 3b24b7 (base 12) in base 13?
283666
What is 12112222201 (base 3) in base 8?
325436
Convert -2798 (base 16) to base 11.
-7685
201b2a (base 14) to base 15
165291
-10110100010010010111011 (base 2) to base 3
-102010010202121
What is 2425003 (base 7) in base 13?
aa88a
1112221222210 (base 3) to base 4
3021221133
Convert 15030323 (base 6) to base 15.
a33bc
-c6e54 (base 16) to base 15
-1115bb
4200233 (base 5) to base 11
47782
4d124 (base 14) to base 5
22031224
What is -123299 (base 11) in base 4?
-233201310
What is -225c93 (base 14) in base 10?
-1168681
616247 (base 11) to base 15
148186
Convert 5434414 (base 7) to base 8.
2421277
Convert 312212010 (base 5) to base 13.
361572
What is -12402332 (base 7) in base 13?
-305c27
Convert 1001101100010100111110 (base 2) to base 8.
11542476
What is -30342a8 (base 11) in base 10?
-5364290
What is -23143b (base 14) in base 13?
-32a8bb
-4515351 (base 7) to base 11
-351a29
What is 3220303 (base 5) in base 12?
27619
Convert -ea840 (base 16) to base 8.
-3524100
-1202102100 (base 5) to base 4
-22210002001
Convert -198a871 (base 11) to base 6.
-155504504
-2366d0a (base 14) to base 3
-1011211201201001
What is -114544502 (base 6) in base 9?
-4108782
Convert 10010011010001010010 (base 2) to base 11.
382230
Convert 165874 (base 10) to base 2.
101000011111110010
-629836 (base 10) to base 14
-125764
-101258 (base 9) to base 3
-10001021222
What is -5255114 (base 6) in base 10?
-256438
Convert -605855 (base 9) to base 7.
-3022406
Convert 5662163 (base 7) to base 6.
23032305
1106899 (base 10) to base 16
10e3d3
What is 517442 (base 11) in base 8?
3124457
Convert -12524524 (base 7) to base 4.
-10120212001
Convert -1bb0b07 (base 14) to base 7.
-225616210
107583 (base 12) to base 5
31333442
Convert -21012110201102 (base 3) to base 10.
-3827774
Convert -10110011000011100 (base 2) to base 12.
-45078
Convert 652a5c (base 16) to base 3.
110110211121211
Convert -1223001231 (base 4) to base 5.
-103012011
Convert 23220033 (base 4) to base 10.
47631
-63c7 (base 14) to base 7
-101140
What is -663b5 (base 14) in base 12?
-bb423
What is 13002204 (base 5) in base 16?
1e978
Convert -5bc234 (base 13) to base 12.
-89b771
Convert -334044 (base 7) to base 3.
-2222222020
101101110000110101000001 (base 2) to base 14
1843c77
Convert 1112101344 (base 5) to base 10.
2456474
4156340 (base 7) to base 14
d0b57
What is 2451080 (base 11) in base 5?
2042340300
12a1b (base 14) to base 3
2022221121
Convert -1355027 (base 13) to base 8.
-27177257
-401c4 (base 14) to base 8
-454660
What is -14300336 (base 7) in base 14?
-2700c6
-12023440004 (base 5) to base 3
-222010200111121
2145881 (base 9) to base 8
4313035
What is 437202 (base 8) in base 9?
243665
-11b39 (base 14) to base 7
-240302
What is 2a76c (base 14) in base 7?
620165
-428019 (base 10) to base 11
-272639
Convert -314a (base 11) to base 3.
-12201101
-10607364 (base 9) to base 14
-97c215
What is -1102001211100 (base 3) in base 4?
-2312323212
Convert -3330340 (base 5) to base 2.
-1110001101101100
Convert -3120808 (base 9) to base 3.
-10010200220022
Convert -2333330304 (base 5) to base 16.
-51f350
24615730 (base 8) to base 7
64203230
-189531 (base 10) to base 9
-317880
200130031 (base 4) to base 12
64a91
What is 99414 (base 13) in base 4?
1003300023
8a7a2 (base 13) to base 15
4e8ed
What is 863b47 (base 13) in base 3?
12221001021210
Convert -202210121201 (base 3) to base 14.
-a92c4
Convert -716079 (base 10) to base 8.
-2566457
-111111000110000011 (base 2) to base 11
-167191
Convert -3100310 (base 5) to base 6.
-1023504
Convert 143202404 (base 6) to base 12.
ba6404
752502 (base 11) to base 9
2234310
56253 (base 9) to base 11
26100
Convert 202010020 (base 3) to base 7.
60522
Convert -1349b3a (base 14) to base 11.
-5298a39
What is 143155 (base 8) in base 7?
301045
What is 533403 (base 7) in base 14?
259aa
Convert 12294 (base 12) to base 8.
60020
Convert -9a266 (base 12) to base 7.
-1510353
Convert -6a78334 (base 11) to base 15.
-114040b
2011333400 (base 5) to base 12
1415725
16916 (base 13) to base 11
2a579
Convert 181455 (base 9) to base 6.
2225252
501212 (base 7) to base 4
110220011
Convert 20001003312 (base 4) to base 12.
854186
What is -62231 (base 11) in base 5?
-10401114
Convert -212010011112102 (base 3) to base 5.
-11121113442
-13323523 (base 6) to base 13
-128400
What is 1592a07 (base 11) in base 10?
2712464
612405 (base 8) to base 6
4155045
Convert 171226 (base 9) to base 16.
19da3
-2432113214 (base 5) to base 8
-25710077
What is -101011111010 (base 3) in base 12?
-97970
Convert -100210022 (base 3) to base 5.
-212021
10000210102 (base 4) to base 12
4281aa
b6aab4 (base 13) to base 2
10000010100110001100100
Convert 6a410a (base 11) to base 7.
12334655
45106243 (base 7) to base 5
1444321121
What is 11210001122120 (base 3) in base 6?
130240410
What is 344341002 (base 5) in base 16?
17c95d
What is 1320303 (base 4) in base 9?
11540
What is 1021054 (base 6) in base 9?
74807
Convert -435214 (base 9) to base 4.
-333121303
Convert -13363053 (base 7) to base 14.
-244a9a
Convert -43423035 (base 7) to base 15.
-4d7439
Convert -4b03 (base 16) to base 5.
-1103303
What is -3524030 (base 6) in base 7?
-1356360
Convert -199cc (base 13) to base 11.
-34646
-101212201000112 (base 3) to base 11
-3299380
-13151253 (base 6) to base 11
-277483
What is -11002420 (base 5) in base 6?
-2003410
Convert 1010010100100000101 (base 2) to base 14.
8b35b
1110011010001110 (base 2) to base 14
1771c
Convert -31244114 (base 5) to base 8.
-772324
Convert 118292 (base 10) to base 16.
1ce14
-8a718 (base 16) to base 5
-121121224
What is c917 (base 14) in base 7?
203130
What is 499383 (base 15) in base 11?
1a97948
-1201121220111 (base 3) to base 11
-577572
275612 (base 9) to base 14
453dd
What is -1820556 (base 9) in base 8?
-3703103
What is 5778 (base 11) in base 15?
23ac
What is -30011112 (base 4) in base 15?
-e9e9
Convert 24ac401 (base 13) to base 6.
1045235533
What is -24100 (base 11) in base 14?
-c927
What is 981c2a (base 13) in base 10?
3574386
543333002 (base 6) to base 10
9685658
-1731231 (base 10) to base 4
-12212222133
Convert -10010100100011001101111 (base 2) to base 8.
-22443157
What is 228932 (base 13) in base 4?
3013322132
127364 (base 10) to base 2
11111000110000100
What is 26b03a (base 15) in base 10?
1859680
126816 (base 10) to base 4
132331200
What is -4b313 (base 13) in base 2?
-100001111010110110
Convert -242880 (base 13) to base 16.
-d29d8
Convert 3200222 (base 8) to base 6.
30132550
Convert -16387b0 (base 14) to base 11.
-6171803
What is -10100000001000101 (base 2) in base 4?
-110001011
What is 250241 (base 9) in base 11?
a3586
What is 4134312 (base 5) in base 16?
109f2
What is -2472a (base 11) in base 12?
-18651
-6771261 (base 8) to base 12
-743b55
Convert -111011000000000 (base 2) to base 8.
-73000
-2530214 (base 6) to base 12
-6696a
Convert 3284331 (base 11) to base 10.
5759634
587698 (base 13) to base 10
2101471
What is a9666 (base 15) in base 8?
2032727
126783 (base 12) to base 5
34124104
-78dc (base 15) to base 4
-12100200
-45b19e (base 15) to base 16
-32c87c
What is 2b636 (base 13) in base 15?
195ed
55655 (base 16) to base 10
349781
What is 13818b (base 13) in base 8?
1637324
What is 10255522 (base 6) in base 11?
197915
110000111111001110 (base 2) to base 8
607716
What is 11330001012 (base 4) in base 11?
973506
Convert 592010 (base 13) to base 6.
113221105
What is 111010110110001001 (base 2) in base 3?
110020122011
Convert 21222010202 (base 3) to base 2.
100110010010100100
Convert -154b722 (base 13) to base 3.
-110211122020212
-10212111100 (base 3) to base 15
-17886
-11340234 (base 5) to base 16
-19cde
Convert -4252201 (base 6) to base 4.
-303010021
Convert -322457 (base 9) to base 10.
-192103
What is b8232 (base 14) in base 7?
3532162
Convert -10034 (base 6) to base 8.
-2446
50667201 (base 8) to base 3
202011011021000
Convert 11233210431 (base 5) to base 6.
1134032453
-4ab5 (base 16) to base 6
-224313
-